{"id":32,"date":"2022-03-18T17:07:49","date_gmt":"2022-03-18T17:07:49","guid":{"rendered":"https:\/\/gawu.ch\/index.php\/colibri-wp\/"},"modified":"2025-11-05T21:07:44","modified_gmt":"2025-11-05T20:07:44","slug":"colibri-wp","status":"publish","type":"page","link":"https:\/\/gawu.ch\/","title":{"rendered":"Front Page"},"content":{"rendered":"<div data-colibri-id=\"32-c1\" class=\"style-190 style-local-32-c1 position-relative\">\r\n  <!---->\r\n  <div data-colibri-component=\"section\" data-colibri-id=\"32-c2\" id=\"about\" class=\"h-section h-section-global-spacing d-flex align-items-lg-center align-items-md-center align-items-center style-198 style-local-32-c2 position-relative\">\r\n    <!---->\r\n    <!---->\r\n    <div class=\"h-section-grid-container h-section-boxed-container\">\r\n      <!---->\r\n      <div data-colibri-id=\"32-c3\" class=\"h-row-container gutters-row-lg-2 gutters-row-md-2 gutters-row-0 gutters-row-v-lg-2 gutters-row-v-md-2 gutters-row-v-2 style-1668 style-local-32-c3 position-relative\">\r\n        <!---->\r\n        <div class=\"h-row justify-content-lg-center justify-content-md-center justify-content-center align-items-lg-stretch align-items-md-stretch align-items-stretch gutters-col-lg-2 gutters-col-md-2 gutters-col-0 gutters-col-v-lg-2 gutters-col-v-md-2 gutters-col-v-2\">\r\n          <!---->\r\n          <div class=\"h-column h-column-container d-flex h-col-lg-auto h-col-md-auto h-col-auto style-1669-outer style-local-32-c4-outer\">\r\n            <div data-colibri-id=\"32-c4\" class=\"d-flex h-flex-basis h-column__inner h-px-lg-2 h-px-md-2 h-px-2 v-inner-lg-2 v-inner-md-2 v-inner-2 style-1669 style-local-32-c4 position-relative\">\r\n              <!---->\r\n              <!---->\r\n              <div class=\"w-100 h-y-container h-column__content h-column__v-align flex-basis-100 align-self-lg-start align-self-md-start align-self-start\">\r\n                <!---->\r\n                <div data-colibri-id=\"32-c5\" class=\"h-text h-text-component style-1670 style-local-32-c5 position-relative h-element\">\r\n                  <!---->\r\n                  <!---->\r\n                  <div class=\"\">\r\n                    <p>Herzlich willkommen auf der Homepage der gawu\r\n                      <br>\r\n                    <\/p>\r\n                  <\/div>\r\n                <\/div>\r\n              <\/div>\r\n            <\/div>\r\n          <\/div>\r\n        <\/div>\r\n      <\/div>\r\n      <div data-colibri-id=\"32-c6\" class=\"h-row-container gutters-row-lg-2 gutters-row-md-2 gutters-row-0 gutters-row-v-lg-2 gutters-row-v-md-2 gutters-row-v-2 style-1647 style-local-32-c6 position-relative\">\r\n        <!---->\r\n        <div class=\"h-row justify-content-lg-center justify-content-md-center justify-content-center align-items-lg-stretch align-items-md-stretch align-items-stretch gutters-col-lg-2 gutters-col-md-2 gutters-col-0 gutters-col-v-lg-2 gutters-col-v-md-2 gutters-col-v-2\">\r\n          <!---->\r\n          <div class=\"h-column h-column-container d-flex h-col-lg-auto h-col-md-auto h-col-auto style-1648-outer style-local-32-c7-outer\">\r\n            <div data-colibri-id=\"32-c7\" class=\"d-flex h-flex-basis h-column__inner h-px-lg-2 h-px-md-2 h-px-2 v-inner-lg-2 v-inner-md-2 v-inner-2 style-1648 style-local-32-c7 position-relative\">\r\n              <!---->\r\n              <!---->\r\n              <div class=\"w-100 h-y-container h-column__content h-column__v-align flex-basis-100 align-self-lg-start align-self-md-start align-self-start\">\r\n                <!---->\r\n                <div data-colibri-id=\"32-c8\" class=\"h-text h-text-component style-1649 style-local-32-c8 position-relative h-element\">\r\n                  <!---->\r\n                  <!---->\r\n                  <div class=\"\">\r\n                    <p><span style=\"font-family: Arial, sans-serif;\">Die GAWU wurde im Jahr 2008 aus privater Initiative gegr\u00fcndet. Die treibende Kraft war Leo Utelli &#8211; der ehemalige reformierte&nbsp;Dorfpfarrer von Nesslau &#8211; und viele private Personen wie auch das Gewerbe insbesondere die Erwin Altherr AG.<\/span><\/p>\r\n                    <p><span style=\"font-family: Arial, sans-serif;\">Das \u00abalte B\u00fcrgerheim\u00bb wurde saniert und 12 gem\u00fctliche helle Wohnungen erstellt. Dieses Vorhaben konnte nur realisiert werden durch die Unterst\u00fctzung vieler Genossenschafter und des einheimischen Gewerbes sowie sozialen Verb\u00e4nden.<\/span><\/p>\r\n                    <p><span style=\"font-family: Arial, sans-serif;\">Die GAWU ist eine nicht gewinnorientierte Genossenschaft, welche als Erstes Wohnraum zur Verf\u00fcgung stellt f\u00fcr \u00ab\u00e4ltere\u00bb Bewohner als \u00dcbergang vom Erwerbsleben zum eventuellen Eintritt in ein Alters- und Pflegeheim. In den letzten Jahren wurde auch eine Durchmischung mit j\u00fcngeren Bewohnern gesucht welche das <\/span>\r\n                      <strong\r\n                        style=\"font-family: Arial, sans-serif;\">gemeinsame f\u00fcreinander<\/strong><span style=\"font-family: Arial, sans-serif;\"> noch verst\u00e4rkt. Somit ergab sich eine bis heute wunderbare Atmosph\u00e4re in der GAWU. Die Bewohner geben sich in die Gemeinschaft ein, so intensiv wie es ihnen m\u00f6glich ist, und oder gew\u00fcnscht ist.<\/span><\/p>\r\n                    <p><span style=\"font-family: Arial, sans-serif;\">Das Hauswart Ehepaar Rutz begleitet die Bewohner mit der n\u00f6tigen Unterst\u00fctzung und organisiert diverse gemeinschaftlichen Aktivit\u00e4ten. <\/span><\/p>\r\n                    <p><span style=\"font-family: Arial, sans-serif;\">Der GAWU ist es bis heute gelungen die Wohnungspreise tief zu halten und trotzdem die n\u00f6tigen Unterhaltsarbeiten sowie dir notwendigen Sanierungen vorzunehmen.<\/span><\/p>\r\n                    <p><span style=\"font-family: Arial, sans-serif;\">Der Vorstand der GAWU ist \u00fcberzeugt mit dem jetzigen Konzept wertvollen Wohnraum f\u00fcr die Bewohner der Gemeinde Nesslau zur Verf\u00fcgung zu stellen. <\/span><\/p>\r\n                    <p><strong style=\"font-family: Arial, sans-serif;\">Gemeinsam, Miteinander, F\u00fcreinander<\/strong><\/p>\r\n                  <\/div>\r\n                <\/div>\r\n              <\/div>\r\n            <\/div>\r\n          <\/div>\r\n        <\/div>\r\n      <\/div>\r\n    <\/div>\r\n  <\/div>\r\n  <div data-colibri-component=\"section\" data-colibri-id=\"32-c9\" id=\"cta\" class=\"h-section h-section-global-spacing d-flex align-items-lg-center align-items-md-center align-items-center style-279 style-local-32-c9 position-relative\">\r\n    <!---->\r\n    <!---->\r\n    <div class=\"h-section-grid-container h-section-boxed-container\">\r\n      <!---->\r\n      <div data-colibri-id=\"32-c10\" class=\"h-row-container gutters-row-lg-2 gutters-row-md-2 gutters-row-0 gutters-row-v-lg-2 gutters-row-v-md-2 gutters-row-v-2 style-280 style-local-32-c10 position-relative\">\r\n        <!---->\r\n        <div class=\"h-row justify-content-lg-center justify-content-md-center justify-content-center align-items-lg-stretch align-items-md-stretch align-items-stretch gutters-col-lg-2 gutters-col-md-2 gutters-col-0 gutters-col-v-lg-2 gutters-col-v-md-2 gutters-col-v-2\">\r\n          <!---->\r\n          <div class=\"h-column h-column-container d-flex h-col-lg h-col-md h-col-auto style-281-outer style-local-32-c11-outer\">\r\n            <div data-colibri-id=\"32-c11\" class=\"d-flex h-flex-basis h-column__inner h-px-lg-0 h-px-md-0 h-px-2 v-inner-lg-0 v-inner-md-0 v-inner-2 style-281 style-local-32-c11 position-relative\">\r\n              <!---->\r\n              <!---->\r\n              <div class=\"w-100 h-y-container h-column__content h-column__v-align flex-basis-100 align-self-lg-center align-self-md-center align-self-center\">\r\n                <!---->\r\n                <div data-colibri-id=\"32-c12\" class=\"h-global-transition-all h-heading style-282 style-local-32-c12 position-relative h-element\">\r\n                  <!---->\r\n                  <div class=\"h-heading__outer style-282 style-local-32-c12\">\r\n                    <!---->\r\n                    <!---->\r\n                    <h3 class=\"\">Wenn Sie etwas \u00fcber die gawu oder das ehemalige B\u00fcrgerheim zu erz\u00e4hlen wissen, sind wir sehr dankbar \u00fcber Ihren Beitrag. Wir werden ihn gerne ver\u00f6ffentlichen.<\/h3>\r\n                  <\/div>\r\n                <\/div>\r\n              <\/div>\r\n            <\/div>\r\n          <\/div>\r\n          <div class=\"h-column h-column-container d-flex h-col-lg-auto h-col-md-auto h-col-auto style-961-outer style-local-32-c13-outer\">\r\n            <div data-colibri-id=\"32-c13\" class=\"d-flex h-flex-basis h-column__inner h-ui-empty-state-container h-px-lg-0 h-px-md-0 h-px-2 v-inner-lg-0 v-inner-md-0 v-inner-2 style-961 style-local-32-c13 position-relative\">\r\n              <!---->\r\n              <!---->\r\n              <div class=\"w-100 h-y-container h-column__content h-column__v-align flex-basis-auto\">\r\n                <!---->\r\n              <\/div>\r\n            <\/div>\r\n          <\/div>\r\n        <\/div>\r\n      <\/div>\r\n    <\/div>\r\n  <\/div>\r\n<\/div>","protected":false},"excerpt":{"rendered":"<p>Herzlich willkommen auf der Homepage der gawu Die GAWU wurde im Jahr 2008 aus privater Initiative gegr\u00fcndet. Die treibende Kraft war Leo Utelli &#8211; der ehemalige reformierte&nbsp;Dorfpfarrer von Nesslau &#8211; und viele private Personen wie auch das Gewerbe insbesondere die Erwin Altherr AG. Das \u00abalte B\u00fcrgerheim\u00bb wurde saniert und 12 gem\u00fctliche helle Wohnungen erstellt. Dieses [&hellip;]<\/p>\n","protected":false},"author":1,"featured_media":0,"parent":0,"menu_order":0,"comment_status":"closed","ping_status":"closed","template":"page-templates\/homepage.php","meta":{"footnotes":""},"class_list":["post-32","page","type-page","status-publish","hentry"],"jetpack_sharing_enabled":true,"_links":{"self":[{"href":"https:\/\/gawu.ch\/index.php?rest_route=\/wp\/v2\/pages\/32","targetHints":{"allow":["GET"]}}],"collection":[{"href":"https:\/\/gawu.ch\/index.php?rest_route=\/wp\/v2\/pages"}],"about":[{"href":"https:\/\/gawu.ch\/index.php?rest_route=\/wp\/v2\/types\/page"}],"author":[{"embeddable":true,"href":"https:\/\/gawu.ch\/index.php?rest_route=\/wp\/v2\/users\/1"}],"replies":[{"embeddable":true,"href":"https:\/\/gawu.ch\/index.php?rest_route=%2Fwp%2Fv2%2Fcomments&post=32"}],"version-history":[{"count":20,"href":"https:\/\/gawu.ch\/index.php?rest_route=\/wp\/v2\/pages\/32\/revisions"}],"predecessor-version":[{"id":4820,"href":"https:\/\/gawu.ch\/index.php?rest_route=\/wp\/v2\/pages\/32\/revisions\/4820"}],"wp:attachment":[{"href":"https:\/\/gawu.ch\/index.php?rest_route=%2Fwp%2Fv2%2Fmedia&parent=32"}],"curies":[{"name":"wp","href":"https:\/\/api.w.org\/{rel}","templated":true}]}}